me factors of 392.
2, 7
What are the prime factors of 53315?
5, 10663
List the prime factors of 12991.
11, 1181
What are the prime factors of 102680?
2, 5, 17, 151
List the prime factors of 2231.
23, 97
What are the prime factors of 461?
461
What are the prime factors of 2337?
3, 19, 41
What are the prime factors of 1071?
3, 7, 17
List the prime factors of 2100.
2, 3, 5, 7
What are the prime factors of 889?
7, 127
What are the prime factors of 1546?
2, 773
What are the prime factors of 104217?
3, 34739
List the prime factors of 7378.
2, 7, 17, 31
List the prime factors of 4613.
7, 659
List the prime factors of 411.
3, 137
List the prime factors of 841.
29
List the prime factors of 2.
2
List the prime factors of 3552.
2, 3, 37
List the prime factors of 184.
2, 23
What are the prime factors of 48258?
2, 3, 7, 383
What are the prime factors of 199?
199
List the prime factors of 5654.
2, 11, 257
What are the prime factors of 24558?
2, 3, 4093
List the prime factors of 17877.
3, 59, 101
What are the prime factors of 22058?
2, 41, 269
What are the prime factors of 15618?
2, 3, 19, 137
List the prime factors of 18291.
3, 7, 13, 67
List the prime factors of 27127.
27127
What are the prime factors of 383?
383
What are the prime factors of 290?
2, 5, 29
What are the prime factors of 46123?
7, 11, 599
List the prime factors of 37730.
2, 5, 7, 11
List the prime factors of 35793.
3, 41, 97
List the prime factors of 1282.
2, 641
What are the prime factors of 13499?
13499
List the prime factors of 623.
7, 89
What are the prime factors of 23578?
2, 11789
What are the prime factors of 167983?
173, 971
What are the prime factors of 110668?
2, 73, 379
What are the prime factors of 42379?
42379
List the prime factors of 77949.
3, 2887
What are the prime factors of 1124?
2, 281
What are the prime factors of 937?
937
List the prime factors of 55.
5, 11
What are the prime factors of 789?
3, 263
What are the prime factors of 26642?
2, 7, 11, 173
What are the prime factors of 112000?
2, 5, 7
List the prime factors of 325.
5, 13
What are the prime factors of 6913?
31, 223
What are the prime factors of 1323?
3, 7
What are the prime factors of 197?
197
What are the prime factors of 6009?
3, 2003
List the prime factors of 188.
2, 47
What are the prime factors of 1788?
2, 3, 149
What are the prime factors of 60561?
3, 2243
List the prime factors of 19102.
2, 9551
List the prime factors of 5673.
3, 31, 61
List the prime factors of 2462.
2, 1231
List the prime factors of 4151.
7, 593
What are the prime factors of 2442?
2, 3, 11, 37
What are the prime factors of 1566?
2, 3, 29
What are the prime factors of 28931?
7, 4133
What are the prime factors of 48912?
2, 3, 1019
What are the prime factors of 13604?
2, 19, 179
What are the prime factors of 21577?
21577
What are the prime factors of 1048?
2, 131
What are the prime factors of 212?
2, 53
List the prime factors of 1161.
3, 43
List the prime factors of 3254.
2, 1627
List the prime factors of 93074.
2, 173, 269
What are the prime factors of 843?
3, 281
What are the prime factors of 49795?
5, 23, 433
List the prime factors of 5862.
2, 3, 977
What are the prime factors of 1759?
1759
What are the prime factors of 17262?
2, 3, 7, 137
What are the prime factors of 998?
2, 499
What are the prime factors of 83977?
79, 1063
List the prime factors of 454.
2, 227
List the prime factors of 71625.
3, 5, 191
What are the prime factors of 1294?
2, 647
What are the prime factors of 22144?
2, 173
What are the prime factors of 32716?
2, 8179
List the prime factors of 2445.
3, 5, 163
What are the prime factors of 218?
2, 109
List the prime factors of 3926.
2, 13, 151
List the prime factors of 66144.
2, 3, 13, 53
List the prime factors of 1389.
3, 463
What are the prime factors of 1852?
2, 463
What are the prime factors of 3697?
3697
List the prime factors of 933.
3, 311
What are the prime factors of 1617?
3, 7, 11
List the prime factors of 2024.
2, 11, 23
What are the prime factors of 2782?
2, 13, 107
List the prime factors of 6187.
23, 269
What are the prime factors of 14412?
2, 3, 1201
What are the prime factors of 24777?
3, 2753
What are the prime factors of 1835?
5, 367
List the prime factors of 6714.
2, 3, 373
What are the prime factors of 11285?
5, 37, 61
What are the prime factors of 5219?
17, 307
List the prime factors of 2763.
3, 307
List the prime factors of 2485.
5, 7, 71
List the prime factors of 5329.
73
List the prime factors of 4238.
2, 13, 163
What are the prime factors of 8333?
13, 641
List the prime factors of 37749.
3, 12583
List the prime factors of 29062.
2, 11, 1321
What are the prime factors of 11485?
5, 2297
List the prime factors of 18500.
2, 5, 37
List the prime factors of 41380.
2, 5, 2069
What are the prime factors of 66939?
3, 53, 421
What are the prime factors of 1308?
2, 3, 109
List the prime factors of 267.
3, 89
List the prime factors of 9119.
11, 829
What are the prime factors of 22849?
73, 313
What are the prime factors of 13111?
7, 1873
What are the prime factors of 3000?
2, 3, 5
What are the prime factors of 2562?
2, 3, 7, 61
List the prime factors of 2956.
2, 739
What are the prime factors of 1651?
13, 127
What are the prime factors of 24737?
29, 853
What are the prime factors of 6593?
19, 347
What are the prime factors of 7401?
3, 2467
List the prime factors of 1339.
13, 103
List the prime factors of 11910.
2, 3, 5, 397
What are the prime factors of 2486?
2, 11, 113
What are the prime factors of 2515?
5, 503
What are the prime factors of 642?
2, 3, 107
List the prime factors of 4962.
2, 3, 827
What are the prime factors of 25243?
25243
List the prime factors of 6492.
2, 3, 541
List the prime factors of 8342.
2, 43, 97
List the prime factors of 5492.
2, 1373
List the prime factors of 9379.
83, 113
What are the prime factors of 15890?
2, 5, 7, 227
List the prime factors of 832.
2, 13
List the prime factors of 48451.
13, 3727
What are the prime factors of 109514?
2, 17, 3221
What are the prime factors of 38858?
2, 19429
What are the prime factors of 12692?
2, 19, 167
What are the prime factors of 1298?
2, 11, 59
What are the prime factors of 16540?
2, 5, 827
What are the prime factors of 21110?
2, 5, 2111
What are the prime factors of 2913?
3, 971
What are the prime factors of 96610?
2, 5, 9661
What are the prime factors of 5049?
3, 11, 17
What are the prime factors of 89?
89
List the prime factors of 812.
2, 7, 29
What are the prime factors of 8375?
5, 67
List the prime factors of 1816.
2, 227
List the prime factors of 111.
3, 37
List the prime factors of 1141.
7, 163
What are the prime factors of 1226?
2, 613
List the prime factors of 1846.
2, 13, 71
List the prime factors of 110048.
2, 19, 181
What are the prime factors of 7053?
3, 2351
List the prime factors of 892.
2, 223
List the prime factors of 1757.
7, 251
List the prime factors of 821.
821
List the prime factors of 21437.
13, 17, 97
What are the prime factors of 97491?
3, 32497
List the prime factors of 7792.
2, 487
List the prime factors of 846.
2, 3, 47
What are the prime factors of 7528?
2, 941
What are the prime factors of 2992?
2, 11, 17
List the prime factors of 3339.
3, 7, 53
What are the prime factors of 30872?
2, 17, 227
What are the prime factors of 102403?
7, 14629
List the prime factors of 9081.
3, 1009
What are the prime factors of 2954?
2, 7, 211
What are the prime factors of 2299?
11, 19
What are the prime factors of 1321?
1321
List the prime factors of 45932.
2, 11483
List the prime factors of 105.
3, 5, 7
What are the prime factors of 37024?
2, 13, 89
What are the prime factors of 10014?
2, 3, 1669
List the prime factors of 58240.
2, 5, 7, 13
List the prime factors of 8533.
7, 23, 53
What are the prime factors of 627?
3, 11, 19
What are the prime factors of 21535?
5, 59, 73
List the prime factors of 103113.
3, 19, 67
List the prime factors of 1758.
2, 3, 293
List the prime factors of 3169.
3169
What are the prime factors of 1963?
13, 151
What are the prime factors of 1808?
2, 113
List the prime factors of 64630.
2, 5, 23, 281
What are the prime factors of 4874?
2, 2437
List the prime factors of 19890.
2, 3, 5, 13, 17
What are the prime factors of 1212?
2, 3, 101
What are the prime factors of 11809?
7, 241
List the prime factors